{"id":570,"date":"2022-01-09T23:59:19","date_gmt":"2022-01-09T22:59:19","guid":{"rendered":"http:\/\/pfipolska.tech\/?page_id=570"},"modified":"2022-11-08T15:21:32","modified_gmt":"2022-11-08T14:21:32","slug":"satrt-up","status":"publish","type":"page","link":"https:\/\/pfipolska.tech\/index.php\/satrt-up\/","title":{"rendered":"Ambitne start-upy"},"content":{"rendered":"\n<p><\/p>\n\n\n\n<section class=\"wp-block-themeisle-blocks-advanced-columns alignfull has-2-columns has-desktop-equal-layout has-tablet-equal-layout has-mobile-collapsedRows-layout has-nogap-gap has-vertical-center\" id=\"wp-block-themeisle-blocks-advanced-columns-de72ff39\"><div class=\"wp-block-themeisle-blocks-advanced-columns-overlay\"><\/div><div class=\"innerblocks-wrap\">\n\n<div class=\"wp-block-themeisle-blocks-advanced-column\" id=\"wp-block-themeisle-blocks-advanced-column-41f6cecb\">\n\n<figure class=\"wp-block-image size-full\"><img loading=\"lazy\" decoding=\"async\" width=\"552\" height=\"506\" src=\"https:\/\/pfipolska.tech\/wp-content\/uploads\/2022\/01\/Target-1.jpg\" alt=\"\" class=\"wp-image-583\" srcset=\"https:\/\/pfipolska.tech\/wp-content\/uploads\/2022\/01\/Target-1.jpg 552w, https:\/\/pfipolska.tech\/wp-content\/uploads\/2022\/01\/Target-1-300x275.jpg 300w\" sizes=\"auto, (max-width: 552px) 100vw, 552px\" \/><\/figure>\n\n<\/div>\n\n<div class=\"wp-block-themeisle-blocks-advanced-column\" id=\"wp-block-themeisle-blocks-advanced-column-5af0a9d5\">\n\n<div id=\"wp-block-themeisle-blocks-advanced-heading-b6575732\" class=\"wp-block-themeisle-blocks-advanced-heading wp-block-themeisle-blocks-advanced-heading-b6575732\"><\/div>\n\n\n<h2 class=\"has-text-align-left has-text-color wp-block-heading\" style=\"color:#2897a0\">Wspieramy ambitne start-upy<\/h2>\n\n\n<p class=\"has-text-align-left\">Jeste\u015bmy w stanie wspom\u00f3c start-upy na ka\u017cdym etapie rozwoju poprzez rzetelne doradztwo lub pomoc w pozyskaniu finansowania.<\/p>\n\n\n<p class=\"has-text-align-left\">Proces opracowywania, testowania i skalowania innowacji w celu uzyskania trwa\u0142ego wp\u0142ywu nie mo\u017ce by\u0107 podj\u0119ty przez jeden podmiot dzia\u0142aj\u0105cy w izolacji. Wsparcie szerokiego grona podmiot\u00f3w (w tym wsparcie techniczne, finansowe i polityczne ze strony podmiot\u00f3w lokalnych, krajowych, a czasem mi\u0119dzynarodowych) w ca\u0142ym \u0142a\u0144cuchu warto\u015bci jest zazwyczaj wymagane, aby pomy\u015blnie rozwin\u0105\u0107 ka\u017cd\u0105 innowacj\u0119 przechodz\u0105c przez sze\u015b\u0107 etap\u00f3w skalowania. <\/p>\n\n\n<ol class=\"wp-block-list\">\n\n<li>Koncepcja i badania<\/li>\n\n\n<li>Zaanga\u017cowanie<\/li>\n\n\n<li>Walidacja<\/li>\n\n\n<li>Doskonalenie<\/li>\n\n\n<li>Skalowanie<\/li>\n\n\n<li>Rozpocz\u0119cie dzia\u0142alno\u015bci<\/li>\n\n<\/ol>\n\n\n<p><\/p>\n\n\n<p>\n\n\n<p><\/p>","protected":false},"excerpt":{"rendered":"","protected":false},"author":2,"featured_media":0,"parent":0,"menu_order":0,"comment_status":"closed","ping_status":"closed","template":"","meta":{"neve_meta_sidebar":"","neve_meta_container":"","neve_meta_enable_content_width":"","neve_meta_content_width":0,"neve_meta_title_alignment":"","neve_meta_author_avatar":"","neve_post_elements_order":"","neve_meta_disable_header":"","neve_meta_disable_footer":"","neve_meta_disable_title":"on","_themeisle_gutenberg_block_has_review":false,"footnotes":""},"class_list":["post-570","page","type-page","status-publish","hentry"],"yoast_head":"<!-- This site is optimized with the Yoast SEO plugin v27.6 - https:\/\/yoast.com\/product\/yoast-seo-wordpress\/ -->\n<title>Dotacji dla ambitnych startup\u00f3w - PFI Polska<\/title>\n<meta name=\"description\" content=\"Jeste\u015bmy w stanie wspom\u00f3c w pozyskaniu dotacji dla ambitnych startup\u00f3w start-upy na ka\u017cdym etapie rozwoju poprzez rzetelne doradztwo.\" \/>\n<meta name=\"robots\" content=\"index, follow, max-snippet:-1, max-image-preview:large, max-video-preview:-1\" \/>\n<link rel=\"canonical\" href=\"https:\/\/pfipolska.tech\/index.php\/satrt-up\/\" \/>\n<meta property=\"og:locale\" content=\"pl_PL\" \/>\n<meta property=\"og:type\" content=\"article\" \/>\n<meta property=\"og:title\" content=\"Dotacji dla ambitnych startup\u00f3w - PFI Polska\" \/>\n<meta property=\"og:description\" content=\"Jeste\u015bmy w stanie wspom\u00f3c w pozyskaniu dotacji dla ambitnych startup\u00f3w start-upy na ka\u017cdym etapie rozwoju poprzez rzetelne doradztwo.\" \/>\n<meta property=\"og:url\" content=\"https:\/\/pfipolska.tech\/index.php\/satrt-up\/\" \/>\n<meta property=\"og:site_name\" content=\"PFI Polska\" \/>\n<meta property=\"article:modified_time\" content=\"2022-11-08T14:21:32+00:00\" \/>\n<meta property=\"og:image\" content=\"http:\/\/pfipolska.tech\/wp-content\/uploads\/2022\/01\/Target-1.jpg\" \/>\n<meta name=\"twitter:card\" content=\"summary_large_image\" \/>\n<meta name=\"twitter:label1\" content=\"Szacowany czas czytania\" \/>\n\t<meta name=\"twitter:data1\" content=\"1 minuta\" \/>\n<script type=\"application\/ld+json\" class=\"yoast-schema-graph\">{\"@context\":\"https:\\\/\\\/schema.org\",\"@graph\":[{\"@type\":\"WebPage\",\"@id\":\"https:\\\/\\\/pfipolska.tech\\\/index.php\\\/satrt-up\\\/\",\"url\":\"https:\\\/\\\/pfipolska.tech\\\/index.php\\\/satrt-up\\\/\",\"name\":\"Dotacji dla ambitnych startup\u00f3w - PFI Polska\",\"isPartOf\":{\"@id\":\"https:\\\/\\\/pfipolska.tech\\\/#website\"},\"primaryImageOfPage\":{\"@id\":\"https:\\\/\\\/pfipolska.tech\\\/index.php\\\/satrt-up\\\/#primaryimage\"},\"image\":{\"@id\":\"https:\\\/\\\/pfipolska.tech\\\/index.php\\\/satrt-up\\\/#primaryimage\"},\"thumbnailUrl\":\"http:\\\/\\\/pfipolska.tech\\\/wp-content\\\/uploads\\\/2022\\\/01\\\/Target-1.jpg\",\"datePublished\":\"2022-01-09T22:59:19+00:00\",\"dateModified\":\"2022-11-08T14:21:32+00:00\",\"description\":\"Jeste\u015bmy w stanie wspom\u00f3c w pozyskaniu dotacji dla ambitnych startup\u00f3w start-upy na ka\u017cdym etapie rozwoju poprzez rzetelne doradztwo.\",\"breadcrumb\":{\"@id\":\"https:\\\/\\\/pfipolska.tech\\\/index.php\\\/satrt-up\\\/#breadcrumb\"},\"inLanguage\":\"pl-PL\",\"potentialAction\":[{\"@type\":\"ReadAction\",\"target\":[\"https:\\\/\\\/pfipolska.tech\\\/index.php\\\/satrt-up\\\/\"]}]},{\"@type\":\"ImageObject\",\"inLanguage\":\"pl-PL\",\"@id\":\"https:\\\/\\\/pfipolska.tech\\\/index.php\\\/satrt-up\\\/#primaryimage\",\"url\":\"https:\\\/\\\/pfipolska.tech\\\/wp-content\\\/uploads\\\/2022\\\/01\\\/Target-1.jpg\",\"contentUrl\":\"https:\\\/\\\/pfipolska.tech\\\/wp-content\\\/uploads\\\/2022\\\/01\\\/Target-1.jpg\",\"width\":552,\"height\":506},{\"@type\":\"BreadcrumbList\",\"@id\":\"https:\\\/\\\/pfipolska.tech\\\/index.php\\\/satrt-up\\\/#breadcrumb\",\"itemListElement\":[{\"@type\":\"ListItem\",\"position\":1,\"name\":\"Strona g\u0142\u00f3wna\",\"item\":\"https:\\\/\\\/pfipolska.tech\\\/\"},{\"@type\":\"ListItem\",\"position\":2,\"name\":\"Ambitne start-upy\"}]},{\"@type\":\"WebSite\",\"@id\":\"https:\\\/\\\/pfipolska.tech\\\/#website\",\"url\":\"https:\\\/\\\/pfipolska.tech\\\/\",\"name\":\"PFI Polska\",\"description\":\"Kolejna witryna oparta na WordPressie\",\"publisher\":{\"@id\":\"https:\\\/\\\/pfipolska.tech\\\/#organization\"},\"alternateName\":\"PFI\",\"potentialAction\":[{\"@type\":\"SearchAction\",\"target\":{\"@type\":\"EntryPoint\",\"urlTemplate\":\"https:\\\/\\\/pfipolska.tech\\\/?s={search_term_string}\"},\"query-input\":{\"@type\":\"PropertyValueSpecification\",\"valueRequired\":true,\"valueName\":\"search_term_string\"}}],\"inLanguage\":\"pl-PL\"},{\"@type\":\"Organization\",\"@id\":\"https:\\\/\\\/pfipolska.tech\\\/#organization\",\"name\":\"PFI POLSKA\",\"alternateName\":\"PFI\",\"url\":\"https:\\\/\\\/pfipolska.tech\\\/\",\"logo\":{\"@type\":\"ImageObject\",\"inLanguage\":\"pl-PL\",\"@id\":\"https:\\\/\\\/pfipolska.tech\\\/#\\\/schema\\\/logo\\\/image\\\/\",\"url\":\"https:\\\/\\\/pfipolska.tech\\\/wp-content\\\/uploads\\\/2021\\\/12\\\/cropped-cropped-kolorLogo-1000x1000-1.png\",\"contentUrl\":\"https:\\\/\\\/pfipolska.tech\\\/wp-content\\\/uploads\\\/2021\\\/12\\\/cropped-cropped-kolorLogo-1000x1000-1.png\",\"width\":512,\"height\":512,\"caption\":\"PFI POLSKA\"},\"image\":{\"@id\":\"https:\\\/\\\/pfipolska.tech\\\/#\\\/schema\\\/logo\\\/image\\\/\"}}]}<\/script>\n<!-- \/ Yoast SEO plugin. -->","yoast_head_json":{"title":"Dotacji dla ambitnych startup\u00f3w - PFI Polska","description":"Jeste\u015bmy w stanie wspom\u00f3c w pozyskaniu dotacji dla ambitnych startup\u00f3w start-upy na ka\u017cdym etapie rozwoju poprzez rzetelne doradztwo.","robots":{"index":"index","follow":"follow","max-snippet":"max-snippet:-1","max-image-preview":"max-image-preview:large","max-video-preview":"max-video-preview:-1"},"canonical":"https:\/\/pfipolska.tech\/index.php\/satrt-up\/","og_locale":"pl_PL","og_type":"article","og_title":"Dotacji dla ambitnych startup\u00f3w - PFI Polska","og_description":"Jeste\u015bmy w stanie wspom\u00f3c w pozyskaniu dotacji dla ambitnych startup\u00f3w start-upy na ka\u017cdym etapie rozwoju poprzez rzetelne doradztwo.","og_url":"https:\/\/pfipolska.tech\/index.php\/satrt-up\/","og_site_name":"PFI Polska","article_modified_time":"2022-11-08T14:21:32+00:00","og_image":[{"url":"http:\/\/pfipolska.tech\/wp-content\/uploads\/2022\/01\/Target-1.jpg","type":"","width":"","height":""}],"twitter_card":"summary_large_image","twitter_misc":{"Szacowany czas czytania":"1 minuta"},"schema":{"@context":"https:\/\/schema.org","@graph":[{"@type":"WebPage","@id":"https:\/\/pfipolska.tech\/index.php\/satrt-up\/","url":"https:\/\/pfipolska.tech\/index.php\/satrt-up\/","name":"Dotacji dla ambitnych startup\u00f3w - PFI Polska","isPartOf":{"@id":"https:\/\/pfipolska.tech\/#website"},"primaryImageOfPage":{"@id":"https:\/\/pfipolska.tech\/index.php\/satrt-up\/#primaryimage"},"image":{"@id":"https:\/\/pfipolska.tech\/index.php\/satrt-up\/#primaryimage"},"thumbnailUrl":"http:\/\/pfipolska.tech\/wp-content\/uploads\/2022\/01\/Target-1.jpg","datePublished":"2022-01-09T22:59:19+00:00","dateModified":"2022-11-08T14:21:32+00:00","description":"Jeste\u015bmy w stanie wspom\u00f3c w pozyskaniu dotacji dla ambitnych startup\u00f3w start-upy na ka\u017cdym etapie rozwoju poprzez rzetelne doradztwo.","breadcrumb":{"@id":"https:\/\/pfipolska.tech\/index.php\/satrt-up\/#breadcrumb"},"inLanguage":"pl-PL","potentialAction":[{"@type":"ReadAction","target":["https:\/\/pfipolska.tech\/index.php\/satrt-up\/"]}]},{"@type":"ImageObject","inLanguage":"pl-PL","@id":"https:\/\/pfipolska.tech\/index.php\/satrt-up\/#primaryimage","url":"https:\/\/pfipolska.tech\/wp-content\/uploads\/2022\/01\/Target-1.jpg","contentUrl":"https:\/\/pfipolska.tech\/wp-content\/uploads\/2022\/01\/Target-1.jpg","width":552,"height":506},{"@type":"BreadcrumbList","@id":"https:\/\/pfipolska.tech\/index.php\/satrt-up\/#breadcrumb","itemListElement":[{"@type":"ListItem","position":1,"name":"Strona g\u0142\u00f3wna","item":"https:\/\/pfipolska.tech\/"},{"@type":"ListItem","position":2,"name":"Ambitne start-upy"}]},{"@type":"WebSite","@id":"https:\/\/pfipolska.tech\/#website","url":"https:\/\/pfipolska.tech\/","name":"PFI Polska","description":"Kolejna witryna oparta na WordPressie","publisher":{"@id":"https:\/\/pfipolska.tech\/#organization"},"alternateName":"PFI","potentialAction":[{"@type":"SearchAction","target":{"@type":"EntryPoint","urlTemplate":"https:\/\/pfipolska.tech\/?s={search_term_string}"},"query-input":{"@type":"PropertyValueSpecification","valueRequired":true,"valueName":"search_term_string"}}],"inLanguage":"pl-PL"},{"@type":"Organization","@id":"https:\/\/pfipolska.tech\/#organization","name":"PFI POLSKA","alternateName":"PFI","url":"https:\/\/pfipolska.tech\/","logo":{"@type":"ImageObject","inLanguage":"pl-PL","@id":"https:\/\/pfipolska.tech\/#\/schema\/logo\/image\/","url":"https:\/\/pfipolska.tech\/wp-content\/uploads\/2021\/12\/cropped-cropped-kolorLogo-1000x1000-1.png","contentUrl":"https:\/\/pfipolska.tech\/wp-content\/uploads\/2021\/12\/cropped-cropped-kolorLogo-1000x1000-1.png","width":512,"height":512,"caption":"PFI POLSKA"},"image":{"@id":"https:\/\/pfipolska.tech\/#\/schema\/logo\/image\/"}}]}},"_links":{"self":[{"href":"https:\/\/pfipolska.tech\/index.php\/wp-json\/wp\/v2\/pages\/570","targetHints":{"allow":["GET"]}}],"collection":[{"href":"https:\/\/pfipolska.tech\/index.php\/wp-json\/wp\/v2\/pages"}],"about":[{"href":"https:\/\/pfipolska.tech\/index.php\/wp-json\/wp\/v2\/types\/page"}],"author":[{"embeddable":true,"href":"https:\/\/pfipolska.tech\/index.php\/wp-json\/wp\/v2\/users\/2"}],"replies":[{"embeddable":true,"href":"https:\/\/pfipolska.tech\/index.php\/wp-json\/wp\/v2\/comments?post=570"}],"version-history":[{"count":10,"href":"https:\/\/pfipolska.tech\/index.php\/wp-json\/wp\/v2\/pages\/570\/revisions"}],"predecessor-version":[{"id":742,"href":"https:\/\/pfipolska.tech\/index.php\/wp-json\/wp\/v2\/pages\/570\/revisions\/742"}],"wp:attachment":[{"href":"https:\/\/pfipolska.tech\/index.php\/wp-json\/wp\/v2\/media?parent=570"}],"curies":[{"name":"wp","href":"https:\/\/api.w.org\/{rel}","templated":true}]}}